{"id":197,"date":"2023-10-03T17:50:42","date_gmt":"2023-10-03T15:50:42","guid":{"rendered":"http:\/\/prtcd-bayern.de\/?page_id=192"},"modified":"2025-11-06T16:18:46","modified_gmt":"2025-11-06T15:18:46","slug":"andere-termine","status":"publish","type":"page","link":"https:\/\/prtcd-lg-bayern.de\/?page_id=197","title":{"rendered":"Andere Termine"},"content":{"rendered":"\n<h4 class=\"wp-block-heading\">16.-18.01.2026 Messe \u201eJagen &amp; Fischen\u201c in Augsburg<\/h4>\n\n\n\n<hr class=\"wp-block-separator has-alpha-channel-opacity\"\/>\n\n\n\n<h4 class=\"wp-block-heading\">15.03.2026 LG-Mitgliederversammlung in 85282 Wolnzach<\/h4>\n\n\n\n<p>Landgasthof Siebler, Egg 9a<\/p>\n\n\n\n<p>Tagesordnung:<\/p>\n\n\n\n<ol class=\"wp-block-list\">\n<li>Begr\u00fc\u00dfung durch die 1. Vorsitzende<\/li>\n\n\n\n<li>Feststellung der Beschlussf\u00e4higkeit<\/li>\n\n\n\n<li>Verlesen u. genehmigen des Protokolls der letzten MV<\/li>\n\n\n\n<li>Bericht der 1. Vorsitzenden<\/li>\n\n\n\n<li>Bericht des Pr\u00fcfungswartes<\/li>\n\n\n\n<li>Bericht der Kassenwartin<\/li>\n\n\n\n<li>Bericht der Kassenpr\u00fcfer<\/li>\n\n\n\n<li>Entlastung des Vorstandes<\/li>\n\n\n\n<li>Neuwahl stellv. Kassenpr\u00fcfer<\/li>\n\n\n\n<li>Verschiedenes, Antr\u00e4ge, W\u00fcnsche<\/li>\n<\/ol>\n\n\n\n<hr class=\"wp-block-separator has-alpha-channel-opacity\"\/>\n\n\n\n<h4 class=\"wp-block-heading\">09.\u201311.10.2026 Intern. Jagd- und Sch\u00fctzentage Schlo\u00df Gr\u00fcnau<\/h4>\n\n\n\n<p>Auch in diesem Jahr werden wir wieder mit einem Stand im Hundedorf vertreten sein. Kommt uns besuchen bei der sch\u00f6nsten Jagd-Messe in Deutschland in einzigartiger Kulisse! Weitere Informationen&nbsp;<a href=\"https:\/\/www.jagdundschuetzentage.de\/\">gibt es hier<\/a>.<\/p>\n","protected":false},"excerpt":{"rendered":"<p>16.-18.01.2026 Messe \u201eJagen &amp; Fischen\u201c in Augsburg 15.03.2026 LG-Mitgliederversammlung in 85282 Wolnzach Landgasthof Siebler, Egg 9a Tagesordnung: 09.\u201311.10.2026 Intern. Jagd- und Sch\u00fctzentage Schlo\u00df Gr\u00fcnau Auch in diesem Jahr werden wir wieder mit einem Stand im Hundedorf vertreten sein. Kommt uns besuchen bei der sch\u00f6nsten Jagd-Messe in Deutschland in einzigartiger Kulisse! Weitere Informationen&nbsp;gibt es hier.<\/p>\n","protected":false},"author":2,"featured_media":0,"parent":186,"menu_order":2,"comment_status":"closed","ping_status":"closed","template":"","meta":{"footnotes":""},"class_list":["post-197","page","type-page","status-publish","hentry"],"_links":{"self":[{"href":"https:\/\/prtcd-lg-bayern.de\/index.php?rest_route=\/wp\/v2\/pages\/197","targetHints":{"allow":["GET"]}}],"collection":[{"href":"https:\/\/prtcd-lg-bayern.de\/index.php?rest_route=\/wp\/v2\/pages"}],"about":[{"href":"https:\/\/prtcd-lg-bayern.de\/index.php?rest_route=\/wp\/v2\/types\/page"}],"author":[{"embeddable":true,"href":"https:\/\/prtcd-lg-bayern.de\/index.php?rest_route=\/wp\/v2\/users\/2"}],"replies":[{"embeddable":true,"href":"https:\/\/prtcd-lg-bayern.de\/index.php?rest_route=%2Fwp%2Fv2%2Fcomments&post=197"}],"version-history":[{"count":7,"href":"https:\/\/prtcd-lg-bayern.de\/index.php?rest_route=\/wp\/v2\/pages\/197\/revisions"}],"predecessor-version":[{"id":582,"href":"https:\/\/prtcd-lg-bayern.de\/index.php?rest_route=\/wp\/v2\/pages\/197\/revisions\/582"}],"up":[{"embeddable":true,"href":"https:\/\/prtcd-lg-bayern.de\/index.php?rest_route=\/wp\/v2\/pages\/186"}],"wp:attachment":[{"href":"https:\/\/prtcd-lg-bayern.de\/index.php?rest_route=%2Fwp%2Fv2%2Fmedia&parent=197"}],"curies":[{"name":"wp","href":"https:\/\/api.w.org\/{rel}","templated":true}]}}

<h4 class="wp-block-heading">16.-18.01.2026 Messe „Jagen &amp; Fischen“ in Augsburg</h4>



<hr class="wp-block-separator has-alpha-channel-opacity"/>



<h4 class="wp-block-heading">15.03.2026 LG-Mitgliederversammlung in 85282 Wolnzach</h4>



<p>Landgasthof Siebler, Egg 9a</p>



<p>Tagesordnung:</p>



<ol class="wp-block-list">
<li>Begrüßung durch die 1. Vorsitzende</li>



<li>Feststellung der Beschlussfähigkeit</li>



<li>Verlesen u. genehmigen des Protokolls der letzten MV</li>



<li>Bericht der 1. Vorsitzenden</li>



<li>Bericht des Prüfungswartes</li>



<li>Bericht der Kassenwartin</li>



<li>Bericht der Kassenprüfer</li>



<li>Entlastung des Vorstandes</li>



<li>Neuwahl stellv. Kassenprüfer</li>



<li>Verschiedenes, Anträge, Wünsche</li>
</ol>



<hr class="wp-block-separator has-alpha-channel-opacity"/>



<h4 class="wp-block-heading">09.–11.10.2026 Intern. Jagd- und Schützentage Schloß Grünau</h4>



<p>Auch in diesem Jahr werden wir wieder mit einem Stand im Hundedorf vertreten sein. Kommt uns besuchen bei der schönsten Jagd-Messe in Deutschland in einzigartiger Kulisse! Weitere Informationen&nbsp;<a href="https://www.jagdundschuetzentage.de/">gibt es hier</a>.</p>

<p>16.-18.01.2026 Messe „Jagen &amp; Fischen“ in Augsburg 15.03.2026 LG-Mitgliederversammlung in 85282 Wolnzach Landgasthof Siebler, Egg 9a Tagesordnung: 09.–11.10.2026 Intern. Jagd- und Schützentage Schloß Grünau Auch in diesem Jahr werden wir wieder mit einem Stand im Hundedorf vertreten sein. Kommt uns besuchen bei der schönsten Jagd-Messe in Deutschland in einzigartiger Kulisse! Weitere Informationen&nbsp;gibt es hier.</p>
