{"id":82,"date":"2023-09-28T13:05:19","date_gmt":"2023-09-28T13:05:19","guid":{"rendered":"http:\/\/prtcd-bayern.de\/?page_id=82"},"modified":"2024-02-26T09:41:52","modified_gmt":"2024-02-26T08:41:52","slug":"pruefungswesen","status":"publish","type":"page","link":"https:\/\/prtcd-lg-bayern.de\/?page_id=82","title":{"rendered":"Pr\u00fcfungswesen"},"content":{"rendered":"\n<p>Der Parson Russell Terrier ist eine vom JGHV anerkannte Jagdhunderasse &#8211; somit k\u00f6nnen alle im Zuchtbuch des PRTCD e.V. eingetragenen Hunde an den vom PRTCD e.V. durchgef\u00fchrten Pr\u00fcfungen teilnehmen, sowie an allen JGHV-Verbandspr\u00fcfungen und den Pr\u00fcfungen zur Erlangung der Jagdlichen Brauchbarkeit der einzelnen Bundesl\u00e4nder.<\/p>\n\n\n\n<p>Auf den Seiten des PRTCD e.V. findet ihr ausf\u00fchrliche Informationen zu den <a href=\"https:\/\/www.prtcd.de\/pruefungswesen\/jagdliche-pruefungen.php\">Jagdlichen Pr\u00fcfungen im PRTCD e.V.<\/a>, die <a href=\"https:\/\/www.prtcd.de\/bilder\/pdf\/PRTCD-PRUEFUNGS-Ordnung-2021.pdf\">Pr\u00fcfungsordnung (Stand 01.01.2021)<\/a> und weitere <a href=\"https:\/\/www.prtcd.de\/pruefungswesen\/downloads-pruefungswesen.php\">Downloads und Formulare<\/a>.<\/p>\n\n\n\n<p><\/p>\n\n\n\n<figure class=\"wp-block-image size-full\"><img loading=\"lazy\" decoding=\"async\" width=\"829\" height=\"553\" src=\"https:\/\/prtcd-lg-bayern.de\/wp-content\/uploads\/2024\/01\/DSC05036.jpg\" alt=\"\" class=\"wp-image-370\" srcset=\"https:\/\/prtcd-lg-bayern.de\/wp-content\/uploads\/2024\/01\/DSC05036.jpg 829w, https:\/\/prtcd-lg-bayern.de\/wp-content\/uploads\/2024\/01\/DSC05036-300x200.jpg 300w, https:\/\/prtcd-lg-bayern.de\/wp-content\/uploads\/2024\/01\/DSC05036-768x512.jpg 768w\" sizes=\"auto, (max-width: 829px) 100vw, 829px\" \/><figcaption class=\"wp-element-caption\">Finn vom Islinger Feld<\/figcaption><\/figure>\n","protected":false},"excerpt":{"rendered":"<p>Der Parson Russell Terrier ist eine vom JGHV anerkannte Jagdhunderasse &#8211; somit k\u00f6nnen alle im Zuchtbuch des PRTCD e.V. eingetragenen Hunde an den vom PRTCD e.V. durchgef\u00fchrten Pr\u00fcfungen teilnehmen, sowie an allen JGHV-Verbandspr\u00fcfungen und den Pr\u00fcfungen zur Erlangung der Jagdlichen Brauchbarkeit der einzelnen Bundesl\u00e4nder. Auf den Seiten des PRTCD e.V. findet ihr ausf\u00fchrliche Informationen zu [&hellip;]<\/p>\n","protected":false},"author":2,"featured_media":0,"parent":0,"menu_order":4,"comment_status":"closed","ping_status":"closed","template":"","meta":{"footnotes":""},"class_list":["post-82","page","type-page","status-publish","hentry"],"_links":{"self":[{"href":"https:\/\/prtcd-lg-bayern.de\/index.php?rest_route=\/wp\/v2\/pages\/82","targetHints":{"allow":["GET"]}}],"collection":[{"href":"https:\/\/prtcd-lg-bayern.de\/index.php?rest_route=\/wp\/v2\/pages"}],"about":[{"href":"https:\/\/prtcd-lg-bayern.de\/index.php?rest_route=\/wp\/v2\/types\/page"}],"author":[{"embeddable":true,"href":"https:\/\/prtcd-lg-bayern.de\/index.php?rest_route=\/wp\/v2\/users\/2"}],"replies":[{"embeddable":true,"href":"https:\/\/prtcd-lg-bayern.de\/index.php?rest_route=%2Fwp%2Fv2%2Fcomments&post=82"}],"version-history":[{"count":2,"href":"https:\/\/prtcd-lg-bayern.de\/index.php?rest_route=\/wp\/v2\/pages\/82\/revisions"}],"predecessor-version":[{"id":440,"href":"https:\/\/prtcd-lg-bayern.de\/index.php?rest_route=\/wp\/v2\/pages\/82\/revisions\/440"}],"wp:attachment":[{"href":"https:\/\/prtcd-lg-bayern.de\/index.php?rest_route=%2Fwp%2Fv2%2Fmedia&parent=82"}],"curies":[{"name":"wp","href":"https:\/\/api.w.org\/{rel}","templated":true}]}}